ommon divisor of 40 and 15.
5
Calculate the greatest common factor of 330 and 45.
15
What is the highest common divisor of 5 and 865?
5
Calculate the greatest common divisor of 3258 and 36.
18
What is the highest common factor of 5 and 65?
5
Calculate the highest common factor of 1316 and 252.
28
What is the greatest common divisor of 42552 and 24?
24
What is the greatest common divisor of 13014 and 90?
18
Calculate the highest common factor of 13 and 8749.
13
Calculate the highest common factor of 81 and 288.
9
What is the greatest common divisor of 38 and 1862?
38
Calculate the highest common factor of 138 and 828.
138
Calculate the highest common divisor of 108 and 972.
108
What is the highest common divisor of 14 and 938?
14
Calculate the greatest common divisor of 2178 and 110.
22
Calculate the greatest common divisor of 4838 and 236.
118
Calculate the highest common factor of 9 and 954.
9
What is the highest common divisor of 19 and 589?
19
What is the greatest common factor of 47 and 3337?
47
Calculate the greatest common factor of 315 and 45.
45
What is the highest common divisor of 329 and 47?
47
Calculate the greatest common factor of 1384 and 16.
8
Calculate the highest common factor of 3 and 219.
3
Calculate the highest common divisor of 9 and 657.
9
What is the greatest common divisor of 8919 and 9?
9
What is the greatest common factor of 24 and 2048?
8
Calculate the highest common divisor of 871 and 247.
13
What is the highest common factor of 484 and 176?
44
Calculate the greatest common factor of 2303 and 423.
47
What is the highest common divisor of 18 and 24?
6
What is the greatest common divisor of 9 and 7173?
9
Calculate the highest common divisor of 17 and 10200.
17
Calculate the greatest common divisor of 99 and 99.
99
Calculate the greatest common factor of 1134 and 42.
42
Calculate the highest common divisor of 1874 and 6.
2
Calculate the highest common factor of 4208 and 144.
16
What is the highest common divisor of 2 and 2662?
2
Calculate the greatest common divisor of 150 and 6.
6
Calculate the greatest common factor of 20 and 65040.
20
What is the greatest common divisor of 184 and 8?
8
Calculate the greatest common divisor of 21 and 56.
7
Calculate the greatest common divisor of 70 and 630.
70
What is the greatest common divisor of 14450 and 340?
170
What is the highest common divisor of 10 and 90?
10
Calculate the greatest common divisor of 559 and 215.
43
Calculate the highest common factor of 143 and 22.
11
What is the highest common divisor of 8580 and 33?
33
What is the highest common divisor of 1794 and 78?
78
What is the greatest common divisor of 5328 and 999?
333
Calculate the greatest common divisor of 10 and 355.
5
Calculate the highest common factor of 7557 and 297.
33
What is the highest common factor of 70 and 2160?
10
What is the highest common divisor of 18 and 82?
2
What is the highest common factor of 90 and 144?
18
What is the highest common divisor of 53950 and 65?
65
Calculate the highest common divisor of 6318 and 78.
78
What is the highest common divisor of 7968 and 12?
12
Calculate the greatest common divisor of 240 and 280.
40
What is the highest common divisor of 675 and 3675?
75
What is the highest common factor of 1980 and 48?
12
What is the greatest common factor of 15204 and 24?
12
Calculate the highest common factor of 111 and 222.
111
What is the greatest common divisor of 320 and 2360?
40
Calculate the greatest common factor of 1767 and 279.
93
What is the greatest common divisor of 80 and 6320?
80
Calculate the highest common divisor of 731 and 697.
17
What is the greatest common divisor of 32 and 1200?
16
What is the greatest common divisor of 16 and 266?
2
What is the greatest common divisor of 45 and 17505?
45
What is the highest common factor of 294 and 96?
6
What is the greatest common factor of 39 and 3172?
13
Calculate the greatest common divisor of 16 and 76.
4
Calculate the highest common factor of 2132 and 41.
41
Calculate the highest common divisor of 325 and 455.
65
What is the greatest common divisor of 36 and 9?
9
What is the greatest common divisor of 6848 and 320?
64
Calculate the highest common factor of 101 and 707.
101
What is the greatest common divisor of 162 and 57?
3
What is the highest common factor of 49 and 28?
7
Calculate the highest common factor of 16 and 3744.
16
Calculate the greatest common factor of 25 and 245.
5
Calculate the highest common divisor of 138 and 1311.
69
What is the greatest common divisor of 2430 and 50?
10
Calculate the greatest common factor of 791 and 226.
113
What is the greatest common divisor of 2461 and 214?
107
What is the greatest common factor of 944 and 64?
16
Calculate the greatest common factor of 2 and 162.
2
What is the highest common factor of 57 and 15?
3
What is the greatest common divisor of 3300 and 2700?
300
What is the highest common divisor of 275 and 25?
25
What is the highest common factor of 1184 and 32?
32
Calculate the greatest common divisor of 196 and 140.
28
Calculate the greatest common divisor of 33466 and 58.
58
Calculate the greatest common divisor of 110 and 40.
10
Calculate the highest common factor of 867 and 102.
51
What is the highest common factor of 2232 and 504?
72
What is the highest common divisor of 60 and 7230?
30
Calculate the highest common divisor of 83 and 49717.
83
What is the greatest common divisor of 128 and 1856?
64
Calculate the greatest common divisor of 16 and 44.
4
What is the highest common divisor of 98 and 14357?
49
What is the highest common factor of 77 and 407?
11
Calculate the greatest common divisor of 52 and 923.
13
What is the greatest common factor of 3978 and 162?
18
Calculate the greatest common divisor of 36 and 729.
9
What is the greatest common factor of 2 and 35?
1
Calculate the highest common divisor of 90 and 180.
90
What is the highest common factor of 3212 and 22?
22
Calculate the highest common factor of 2 and 752.
2
Calculate the greatest common divisor of 40 and 8.
8
Calculate the highest common divisor of 14 and 308.
14
What is the greatest common divisor of 6494 and 102?
34
What is the highest common factor of 2415 and 115?
115
Calculate the highest common factor of 1 and 4099.
1
What is the greatest common divisor of 429 and 39?
39
Calculate the greatest common factor of 735 and 11907.
147
Calculate the highest common factor of 36 and 27.
9
Calculate the greatest common divisor of 602 and 42.
14
What is the highest common divisor of 20 and 860?
20
What is the greatest common divisor of 8 and 13704?
8
Calculate the highest common divisor of 16 and 116.
4
What is the greatest common factor of 4090 and 50?
10
Calculate the greatest common factor of 406 and 7.
7
Calculate the highest common factor of 14617 and 47.
47
What is the highest common divisor of 34069 and 314?
157
Calculate the highest common factor of 715 and 260.
65
What is the greatest common divisor of 320 and 96?
32
What is the highest common factor of 128 and 1424?
16
What is the highest common divisor of 50 and 2725?
25
What is the highest common factor of 195 and 120?
15
Calculate the greatest common divisor of 58 and 15341.
29
What is the greatest common divisor of 3045 and 58?
29
What is the greatest common divisor of 845 and 1547?
13
Calculate the greatest common factor of 39 and 1261.
13
What is the highest common factor of 30 and 7062?
6
What is the highest common factor of 3126 and 2?
2
Calculate the highest common divisor of 39 and 4719.
39
What is the highest common divisor of 35 and 77?
7
Calculate the highest common divisor of 94 and 2914.
94
What is the greatest common factor of 92 and 9292?
92
What is the highest common divisor of 3600 and 5580?
180
Calculate the highest common factor of 273 and 78.
39
Calculate the greatest common factor of 3503 and 31.
31
What is the greatest common divisor of 195 and 1014?
39
What is the highest common divisor of 1210 and 990?
110
Calculate the highest common factor of 418 and 22.
22
What is the highest common factor of 1113 and 525?
21
Calculate the greatest common divisor of 255 and 204.
51
Calculate the greatest common factor of 6450 and 70.
10
Calculate the highest common factor of 50 and 150.
50
Calculate the greatest common di